{"id":643,"date":"2023-06-09T22:59:04","date_gmt":"2023-06-09T22:59:04","guid":{"rendered":"https:\/\/santafemusichall.com.mx\/music\/?page_id=643"},"modified":"2023-06-09T23:11:33","modified_gmt":"2023-06-09T23:11:33","slug":"aviso-de-privacidad","status":"publish","type":"page","link":"https:\/\/santafemusichall.com.mx\/music\/aviso-de-privacidad\/","title":{"rendered":"Aviso de Privacidad"},"content":{"rendered":"\t\t<div data-elementor-type=\"wp-page\" data-elementor-id=\"643\" class=\"elementor elementor-643\">\n\t\t\t\t\t\t\t\t\t<section class=\"elementor-section elementor-top-section elementor-element elementor-element-b8d405d elementor-section-boxed elementor-section-height-default elementor-section-height-default\" data-id=\"b8d405d\" data-element_type=\"section\">\n\t\t\t\t\t\t<div class=\"elementor-container elementor-column-gap-default\">\n\t\t\t\t\t<div class=\"elementor-column elementor-col-100 elementor-top-column elementor-element elementor-element-cea34f0\" data-id=\"cea34f0\" data-element_type=\"column\">\n\t\t\t<div class=\"elementor-widget-wrap elementor-element-populated\">\n\t\t\t\t\t\t\t\t<div class=\"elementor-element elementor-element-39edebd elementor-widget elementor-widget-spacer\" data-id=\"39edebd\" data-element_type=\"widget\" data-widget_type=\"spacer.default\">\n\t\t\t\t<div class=\"elementor-widget-container\">\n\t\t\t<style>\/*! elementor - v3.16.0 - 20-09-2023 *\/\n.elementor-column .elementor-spacer-inner{height:var(--spacer-size)}.e-con{--container-widget-width:100%}.e-con-inner>.elementor-widget-spacer,.e-con>.elementor-widget-spacer{width:var(--container-widget-width,var(--spacer-size));--align-self:var(--container-widget-align-self,initial);--flex-shrink:0}.e-con-inner>.elementor-widget-spacer>.elementor-widget-container,.e-con>.elementor-widget-spacer>.elementor-widget-container{height:100%;width:100%}.e-con-inner>.elementor-widget-spacer>.elementor-widget-container>.elementor-spacer,.e-con>.elementor-widget-spacer>.elementor-widget-container>.elementor-spacer{height:100%}.e-con-inner>.elementor-widget-spacer>.elementor-widget-container>.elementor-spacer>.elementor-spacer-inner,.e-con>.elementor-widget-spacer>.elementor-widget-container>.elementor-spacer>.elementor-spacer-inner{height:var(--container-widget-height,var(--spacer-size))}.e-con-inner>.elementor-widget-spacer.elementor-widget-empty,.e-con>.elementor-widget-spacer.elementor-widget-empty{position:relative;min-height:22px;min-width:22px}.e-con-inner>.elementor-widget-spacer.elementor-widget-empty .elementor-widget-empty-icon,.e-con>.elementor-widget-spacer.elementor-widget-empty .elementor-widget-empty-icon{position:absolute;top:0;bottom:0;left:0;right:0;margin:auto;padding:0;width:22px;height:22px}<\/style>\t\t<div class=\"elementor-spacer\">\n\t\t\t<div class=\"elementor-spacer-inner\"><\/div>\n\t\t<\/div>\n\t\t\t\t<\/div>\n\t\t\t\t<\/div>\n\t\t\t\t<div class=\"elementor-element elementor-element-89915b2 elementor-widget elementor-widget-text-editor\" data-id=\"89915b2\" data-element_type=\"widget\" data-widget_type=\"text-editor.default\">\n\t\t\t\t<div class=\"elementor-widget-container\">\n\t\t\t<style>\/*! elementor - v3.16.0 - 20-09-2023 *\/\n.elementor-widget-text-editor.elementor-drop-cap-view-stacked .elementor-drop-cap{background-color:#69727d;color:#fff}.elementor-widget-text-editor.elementor-drop-cap-view-framed .elementor-drop-cap{color:#69727d;border:3px solid;background-color:transparent}.elementor-widget-text-editor:not(.elementor-drop-cap-view-default) .elementor-drop-cap{margin-top:8px}.elementor-widget-text-editor:not(.elementor-drop-cap-view-default) .elementor-drop-cap-letter{width:1em;height:1em}.elementor-widget-text-editor .elementor-drop-cap{float:left;text-align:center;line-height:1;font-size:50px}.elementor-widget-text-editor .elementor-drop-cap-letter{display:inline-block}<\/style>\t\t\t\t<p style=\"text-align: left;\"><strong>AVISO DE PRIVACIDAD<\/strong><\/p>\n<p style=\"text-align: justify;\">Bienvenido a la p\u00e1gina web <a href=\"http:\/\/www.santafemusichall.com.mx\">www.santafemusichall.com.mx<\/a>\u00a0 (en lo sucesivo el Sitio).<\/p>\n<p style=\"text-align: justify;\">El presente Aviso de Privacidad<a href=\"#_ftn1\" name=\"_ftnref1\"><sup>[1]<\/sup><\/a><sup>\u00a0 <\/sup>se emite en cumplimiento con lo dispuesto en los art\u00edculos 6, 8, 15 y 16 de la Ley Federal de Protecci\u00f3n de Datos Personales en Posesi\u00f3n de los Particulares (en lo sucesivo la <u>Ley<\/u>), su reglamento y dem\u00e1s ordenamientos jur\u00eddicos aplicables.<\/p>\n<p style=\"text-align: justify;\">Expo M\u00e9xico, S.A. de C.V., (en lo sucesivo Expo M\u00e9xico) est\u00e1 comprometida con la transparencia, seguridad y privacidad de los datos personales<a href=\"#_ftn2\" name=\"_ftnref2\"><sup>[2]<\/sup><\/a> de sus clientes, proveedores y usuarios. Al recopilar y tratar<a href=\"#_ftn3\" name=\"_ftnref3\"><sup>[3]<\/sup><\/a> sus datos personales, Expo M\u00e9xico se compromete y obliga a observar y cumplir los principios de licitud, consentimiento, calidad, informaci\u00f3n, finalidad, lealtad, proporcionalidad y responsabilidad previstos en la Ley (art\u00edculo 6).<\/p>\n<p style=\"text-align: justify;\">Este aviso de privacidad aplica a todo tipo de informaci\u00f3n, incluyendo la relativa a Datos Personales Sensibles<a href=\"#_ftn4\" name=\"_ftnref4\"><sup>[4]<\/sup><\/a>, de nuestros clientes, proveedores y usuarios. Por lo antes mencionado, y al momento de utilizar el Sitio, otorgas tu consentimiento a Expo M\u00e9xico, para que recopile, utilice y transfiera tus Datos Personales para los fines que m\u00e1s adelante se especifican. Si no aceptas o no deseas estar sujeto a este aviso de privacidad, deber\u00e1s no utilizar el Sitio.<\/p>\n<p style=\"text-align: justify;\">Con el objeto de dar cumplimiento a lo establecido en el Art\u00edculo 16 de la Ley se se\u00f1ala lo siguiente:<\/p>\n<p style=\"text-align: left;\"><strong><em>IDENTIDAD Y DOMICILIO <\/em><\/strong><\/p>\n<p style=\"text-align: justify;\">El Sitio es una p\u00e1gina web de Expo M\u00e9xico, S.A. de C.V., sociedad mercantil debidamente constituida conforme a las leyes de los Estados Unidos Mexicanos, con domicilio para efectos del presente Aviso de Privacidad en Avenida Santa Fe, n\u00famero 270, colonia Santa Fe, Alcald\u00eda \u00c1lvaro Obreg\u00f3n, Ciudad de M\u00e9xico, C.P. 01210.<\/p>\n<p style=\"text-align: justify;\">En t\u00e9rminos del Art\u00edculo 30 de la Ley, toda comunicaci\u00f3n relacionada con el presente Aviso de Privacidad deber\u00e1 dirigirse al domicilio referido con anterioridad y\/o al correo electr\u00f3nico <a href=\"mailto:info@santafemusichall.com.mx\">info@santafemusichall.com.mx<\/a>\u00a0\u00a0 mismos en el que, el personal autorizado para ello se encargar\u00e1 de la recopilaci\u00f3n y tratamiento, as\u00ed como de las solicitudes relacionadas con el acceso, rectificaci\u00f3n, cancelaci\u00f3n u oposici\u00f3n de los Datos Personales.<\/p>\n<p style=\"text-align: justify;\"><strong><em>FINALIDAD<\/em><\/strong><\/p>\n<p style=\"text-align: justify;\">Los datos personales que nos proporciones por el uso del Sitio, formar\u00e1n parte de nuestra base de datos con la finalidad de usarlos en forma enunciativa, m\u00e1s no limitativa: identificarte, ubicarte, comunicarte, contactarte, enviarte informaci\u00f3n, actualizar nuestra base de datos y obtener estad\u00edsticas, as\u00ed como para los servicios y actividades relacionados con el Sitio y Expo M\u00e9xico, art\u00edculos promocionales y publicitarios.<\/p>\n<p style=\"text-align: justify;\">Para las finalidades antes mencionadas, se podr\u00e1n recabar los siguientes datos personales:<\/p>\n\n<ol style=\"text-align: left;\">\n \t<li>Nombre<\/li>\n \t<li>Tel\u00e9fono<\/li>\n \t<li>E-mail\/ Correo electr\u00f3nico<\/li>\n \t<li>Empresa<\/li>\n \t<li>RFC<\/li>\n<\/ol>\n<p style=\"text-align: left;\"><strong>\u00a0<\/strong><strong>INFORMACI\u00d3N DE ACCESO <\/strong><\/p>\n<p style=\"text-align: justify;\">Podemos recopilar informaci\u00f3n sobre tu dispositivo m\u00f3vil y\/o su computadora, incluyendo, cuando est\u00e9 disponible, tu ubicaci\u00f3n geogr\u00e1fica, direcci\u00f3n IP, sistema operativo y tipo de navegador, tipo de dispositivo, ancho de banda, etc., para la administraci\u00f3n del sistema.<\/p>\n<p style=\"text-align: justify;\">Tambi\u00e9n podemos mantener detalles de tus visitas a nuestros Sitio, incluidos, entre otros, datos de tr\u00e1fico, datos de ubicaci\u00f3n, registros web y otros datos de comunicaci\u00f3n, tiempo dedicado al Sitio. En la medida en que esta informaci\u00f3n pueda identificarlo directa o indirectamente y se combine con otra informaci\u00f3n, estar\u00e1 sujeta a este aviso de privacidad.<\/p>\n<p style=\"text-align: justify;\"><strong>OPCIONES Y MEDIOS QUE SE PONE A SU DISPOSICI\u00d3N PARA LIMITAR EL USO O DIVULGACI\u00d3N DE SUS DATOS PERSONALES.<\/strong><\/p>\n<p style=\"text-align: justify;\">Expo M\u00e9xico cuenta con las medidas de seguridad, administrativas, t\u00e9cnicas y f\u00edsicas necesarias implementadas conforme a sus pol\u00edticas y procedimientos de seguridad, para asegurar tus datos personales contra un uso indebido o il\u00edcito, un acceso no autorizado,\u00a0 quedando prohibida su divulgaci\u00f3n il\u00edcita y limitando su tratamiento conforme a lo previsto en el presente aviso de privacidad y en la legislaci\u00f3n aplicable.<\/p>\n<p style=\"text-align: left;\"><strong>MEDIOS PARA EJERCER SUS DERECHOS ARCO<a href=\"#_ftn5\" name=\"_ftnref5\"><sup>[5]<\/sup><\/a> <\/strong><\/p>\n<p style=\"text-align: justify;\">Como titular de los datos personales, puedes ejercer frente a Expo M\u00e9xico cualquiera de los derechos de acceso, rectificaci\u00f3n, cancelaci\u00f3n y oposici\u00f3n (en lo sucesivo Derechos ARCO) contemplados en el art\u00edculo 22 de la Ley y que se explica a continuaci\u00f3n, en el entendido que cada uno de estos derechos es independiente entre s\u00ed, es decir, no es necesario agotar uno para ejercer alguno de los otros tres o puedes ejercer cualquiera de ello:<\/p>\n<p style=\"text-align: justify;\">Acceso: Facultad que tienes de solicitar a Expo M\u00e9xico, que te informe si en sus bases de datos<a href=\"#_ftn6\" name=\"_ftnref6\"><sup>[6]<\/sup><\/a> tiene alguno de tus datos personales.<\/p>\n<p style=\"text-align: justify;\">Rectificaci\u00f3n: Derecho que tienes para que se corrijan tus datos personales que se encuentren en posesi\u00f3n de Expo M\u00e9xico, para ello, es posible que te solicitemos la presentaci\u00f3n de documentaci\u00f3n que acredite las correcciones que solicitas.<\/p>\n<p style=\"text-align: justify;\">Cancelaci\u00f3n: Facultad que tienes de solicitar, una vez que termine la relaci\u00f3n con Expo M\u00e9xico, la cancelaci\u00f3n de tus datos personales en posesi\u00f3n de Expo M\u00e9xico.<\/p>\n<p style=\"text-align: justify;\">Oposici\u00f3n: Facultad que tienes de solicitar a Expo M\u00e9xico que se abstenga de realizar el tratamiento de tus datos personales en determinadas situaciones. No obstante, Expo M\u00e9xico no estar\u00e1 obligada a suspender el tratamiento de los datos en los supuestos se\u00f1alados en la Ley.<\/p>\n<p style=\"text-align: justify;\">Las solicitudes para el ejercicio de tus derechos ARCO deber\u00e1n presentarse por escrito o correo electr\u00f3nico mencionados en el presente aviso de privacidad. Tu solicitud deber\u00e1 contener al menos: (I) tu nombre y domicilio o medio para recibir comunicaciones; (II) copia de tu identificaci\u00f3n oficial o documentos que acrediten la personalidad del representante legal; (III) la explicaci\u00f3n clara y precisa de los datos personales a los cuales desea tener acceso, rectificar, cancelar u oponerse; (IV) cualquier otro elemento o documento que facilite la localizaci\u00f3n de tus datos personales.<\/p>\n<p style=\"text-align: left;\"><strong>TRANSFERENCIA DE DATOS PERSONALES<\/strong><\/p>\n<p style=\"text-align: justify;\">Expo M\u00e9xico, podr\u00e1 transferir sus datos personales \u00fanicamente a las siguientes personas y\/o entidades, en el entendido que deber\u00e1 asegurarse que dichas personas y\/o entidades guarden estricta confidencialidad respecto de la informaci\u00f3n proporcionada:<\/p>\n\n<ol style=\"text-align: left;\">\n \t<li>Las empresas controladoras, subsidiarias o afiliadas de Expo M\u00e9xico, en M\u00e9xico o en el extranjero.<\/li>\n \t<li>Terceros proveedores de servicios para el cumplimiento de las obligaciones legales, contables, regulatorias o contractuales a cargo de Expo M\u00e9xico o de cualquiera de sus empresas controladoras, subsidiarias o afiliadas, en M\u00e9xico o en el extranjero.<\/li>\n<\/ol>\n<p style=\"text-align: justify;\">El Sitio puede contener enlaces hacia y desde los sitios web de nuestras redes asociadas, anunciantes y afiliados. Si decides seguir estos enlaces a cualquiera de estos sitios web, ten en cuenta que estos sitios web tienen sus propios avisos de privacidad y Expo M\u00e9xico no acepta ninguna responsabilidad u obligaci\u00f3n por estas pol\u00edticas. Verifica estas pol\u00edticas antes de enviar datos personales a estos sitios web.<\/p>\n<p style=\"text-align: justify;\"><strong>MODIFICACIONES AL AVISO DE PRIVACIDAD<\/strong><\/p>\n<p style=\"text-align: justify;\">Expo M\u00e9xico se reserva el derecho de modificar este aviso de privacidad en cualquier momento. El uso del Sitio indica tu consentimiento a las Pol\u00edticas de privacidad publicadas. Revisa estas pol\u00edticas regularmente por cualquier cambio.<\/p>\n<p style=\"text-align: justify;\"><a href=\"#_ftnref1\" name=\"_ftn1\"><sup>[1]<\/sup><\/a> <sub>La Ley define Aviso de Privacidad como el documento f\u00edsico, electr\u00f3nico o en cualquier otro formato generado por el responsable que es puesto a disposici\u00f3n del titular, previo al tratamiento de sus Datos Personales.<\/sub><\/p>\n<p style=\"text-align: left;\"><a href=\"#_ftnref2\" name=\"_ftn2\"><sup>[2]<\/sup><\/a>\u00a0 <sub>La Ley define Datos Personales como cualquier informaci\u00f3n concerniente a una persona f\u00edsica Identificada o identificable.<\/sub><\/p>\n<p style=\"text-align: left;\"><a href=\"#_ftnref3\" name=\"_ftn3\"><sup>[3]<\/sup><\/a> <sub>El tratamiento de Datos Personales se refiere a cualquier operaci\u00f3n que se realice con sus Datos Personales, desde su obtenci\u00f3n, uso, divulgaci\u00f3n, almacenamiento y hasta su cancelaci\u00f3n y supresi\u00f3n.<\/sub><\/p>\n<p style=\"text-align: left;\"><a href=\"#_ftnref4\" name=\"_ftn4\"><sup>[4]<\/sup><\/a> <sub>La Ley define Datos Personales Sensibles como aquellos Datos Personales que afecten a la esfera m\u00e1s \u00edntima de su titular, o cuya utilizaci\u00f3n indebida pueda dar origen a discriminaci\u00f3n o conlleve un riesgo grave para \u00e9ste.<\/sub><\/p>\n<p style=\"text-align: left;\"><a href=\"#_ftnref5\" name=\"_ftn5\"><sup>[5]<\/sup><\/a> <sub>Conforme al art\u00edculo cuatro transitorio de Ley, se le informa que sus derechos ARCO se podr\u00e1n ejercitar dieciocho meses despu\u00e9s de la entrada en vigor de la \u201cLey\u201d.<\/sub><\/p>\n<p style=\"text-align: left;\"><a href=\"#_ftnref6\" name=\"_ftn6\"><sup>[6]<\/sup><\/a> <sub>Base de Datos es el conjunto ordenado de Datos Personales.\u00a0 <\/sub><\/p>\t\t\t\t\t\t<\/div>\n\t\t\t\t<\/div>\n\t\t\t\t\t<\/div>\n\t\t<\/div>\n\t\t\t\t\t\t\t<\/div>\n\t\t<\/section>\n\t\t\t\t\t\t\t<\/div>\n\t\t","protected":false},"excerpt":{"rendered":"<p>AVISO DE PRIVACIDAD Bienvenido a la p\u00e1gina web www.santafemusichall.com.mx\u00a0 (en lo sucesivo el Sitio). El presente Aviso de Privacidad[1]\u00a0 se emite en cumplimiento con lo dispuesto en los art\u00edculos 6, 8, 15 y 16 de la Ley Federal de Protecci\u00f3n de Datos Personales en Posesi\u00f3n de los Particulares (en lo sucesivo la Ley), su reglamento [&hellip;]<\/p>\n","protected":false},"author":1,"featured_media":0,"parent":0,"menu_order":0,"comment_status":"closed","ping_status":"closed","template":"","meta":{"footnotes":""},"class_list":["post-643","page","type-page","status-publish","hentry","entry"],"_links":{"self":[{"href":"https:\/\/santafemusichall.com.mx\/music\/wp-json\/wp\/v2\/pages\/643","targetHints":{"allow":["GET"]}}],"collection":[{"href":"https:\/\/santafemusichall.com.mx\/music\/wp-json\/wp\/v2\/pages"}],"about":[{"href":"https:\/\/santafemusichall.com.mx\/music\/wp-json\/wp\/v2\/types\/page"}],"author":[{"embeddable":true,"href":"https:\/\/santafemusichall.com.mx\/music\/wp-json\/wp\/v2\/users\/1"}],"replies":[{"embeddable":true,"href":"https:\/\/santafemusichall.com.mx\/music\/wp-json\/wp\/v2\/comments?post=643"}],"version-history":[{"count":10,"href":"https:\/\/santafemusichall.com.mx\/music\/wp-json\/wp\/v2\/pages\/643\/revisions"}],"predecessor-version":[{"id":654,"href":"https:\/\/santafemusichall.com.mx\/music\/wp-json\/wp\/v2\/pages\/643\/revisions\/654"}],"wp:attachment":[{"href":"https:\/\/santafemusichall.com.mx\/music\/wp-json\/wp\/v2\/media?parent=643"}],"curies":[{"name":"wp","href":"https:\/\/api.w.org\/{rel}","templated":true}]}}